ase 13) to base 16.
1f57f
What is -1010111000100001001 (base 2) in base 14?
-93d69
-311143412 (base 5) to base 15
-1a1c22
Convert -1001110110 (base 3) to base 14.
-77c0
What is 112223203 (base 4) in base 6?
1554031
-22020020212 (base 3) to base 12
-7991b
Convert -319289 (base 10) to base 16.
-4df39
Convert -140ca4 (base 16) to base 11.
-818216
53043 (base 15) to base 9
441170
What is 1001222022101 (base 3) in base 16?
8b3c0
1670097 (base 10) to base 12
6865a9
Convert 4521460 (base 7) to base 3.
1001110012021
What is -158170 (base 10) in base 16?
-269da
-ba0a2c (base 15) to base 2
-100001110011011111100011
Convert 23021001 (base 5) to base 3.
101101112010
What is 13e29d1 (base 15) in base 2?
110110111000010100100111
What is -2011001122 (base 3) in base 11?
-29889
What is c252 (base 14) in base 12?
173a8
What is 10204431 (base 10) in base 9?
21172756
What is 26b897 (base 13) in base 10?
939595
Convert 301111123 (base 4) to base 3.
101021012021
1163635 (base 9) to base 11
3a2286
-22222152 (base 6) to base 11
-419833
What is 13203101 (base 6) in base 15?
89361
-296320 (base 11) to base 15
-91e62
What is -6422171 (base 8) in base 13?
-47ca93
What is 375537 (base 8) in base 3?
20121011122
13050031 (base 7) to base 13
327c85
What is -124196 (base 11) in base 13?
-6b20c
-10221111102 (base 3) to base 7
-442226
What is -39aa5 (base 13) in base 12?
-52101
What is 13231110221 (base 4) in base 10?
2020649
What is -1a69595 (base 11) in base 5?
-1342420410
-24006606 (base 7) to base 2
-1000000101100101101000
What is -55923e (base 16) in base 11?
-3190410
-1370475 (base 8) to base 4
-1133010331
What is -3f8a3 (base 16) in base 7?
-2132526
What is 102202010222 (base 3) in base 11?
148782
Convert -28972b7 (base 12) to base 7.
-126242152
What is -55020 (base 6) in base 14?
-2a8c
What is 98150 (base 10) in base 9?
158565
What is -c69a (base 14) in base 12?
-17994
Convert 1401202432 (base 5) to base 15.
49d3cc
Convert 53856 (base 9) to base 8.
105553
What is -14143213411 (base 5) in base 6?
-1452554253
Convert 146539 (base 15) to base 12.
3b5060
Convert 4001334 (base 6) to base 2.
101101101001011010
What is 40140334 (base 5) in base 3?
121011111220
-9a7262 (base 14) to base 13
-111801a
-1941065 (base 11) to base 3
-20011200200000
What is -1210012210102 (base 3) in base 15?
-13b2c2
-213000121010 (base 4) to base 5
-10104201340
What is -b7503 (base 15) in base 16?
-8dffc
What is -482782 (base 13) in base 15?
-23e67d
Convert -452a5b (base 14) to base 16.
-23df39
Convert -212ab (base 13) to base 12.
-2a732
What is 12123000 (base 4) in base 6?
321440
-a5891 (base 11) to base 3
-21211102122
-334251021 (base 6) to base 9
-12407474
141400001 (base 5) to base 2
10110010100001110011
Convert -1111010010100000011 (base 2) to base 4.
-1322110003
Convert -411d08 (base 15) to base 16.
-2f37a1
What is -3133001 (base 5) in base 10?
-52251
Convert 1984c6 (base 13) to base 11.
401a10
-143211 (base 9) to base 12
-42884
What is 311033 (base 5) in base 7?
41400
Convert 442605 (base 10) to base 12.
194179
Convert 1374b6 (base 15) to base 13.
26a01b
Convert -3169690 (base 11) to base 3.
-101111022100202
-343a3c (base 13) to base 9
-2284078
What is 57c4e6 (base 16) in base 5?
2433031123
Convert -dbe0b4 (base 15) to base 8.
-47755211
Convert -221420402 (base 6) to base 3.
-21112012102102
1a4762 (base 13) to base 2
10100010110101001010
Convert -11232111231 (base 4) to base 6.
-52054513
What is 3750622 (base 9) in base 8?
7622221
-3232023302 (base 4) to base 15
-144102
What is -64398a (base 12) in base 16?
-1825ba
Convert 553462 (base 7) to base 3.
11221111001
What is 508408 (base 10) in base 5?
112232113
-156476 (base 11) to base 8
-732171
What is 119031 (base 11) in base 3?
100112111001
43273 (base 16) to base 11
178724
209666 (base 10) to base 11
133586
Convert -86574 (base 14) to base 12.
-13800a
b71942 (base 12) to base 3
12102120222212
1703675 (base 8) to base 15
9b351
-2654034 (base 10) to base 9
-4884576
Convert a2422c (base 14) to base 8.
24664560
a7174 (base 14) to base 12
17572a
What is -2716b (base 15) in base 10?
-125201
What is -1023203010 (base 4) in base 16?
-4b8c4
Convert -330334342 (base 5) to base 13.
-3a8615
What is -5316401 (base 7) in base 12?
-270362
72416b (base 12) to base 4
12311013203
Convert -5468e3 (base 15) to base 5.
-2012143023
Convert 280762 (base 10) to base 15.
582c7
121102021201201 (base 3) to base 15
b753a4
-128a7 (base 16) to base 10
-75943
What is -14342103 (base 5) in base 15?
-30403
Convert 132120002310 (base 4) to base 3.
112222112220200
Convert -a4636 (base 12) to base 4.
-310202022
745869 (base 16) to base 3
112100101021100
Convert -f9e7 (base 16) to base 15.
-13e50
Convert -23117 (base 9) to base 8.
-36056
-91641e (base 16) to base 3
-122221002102212
-612554 (base 7) to base 6
-2122245
-11312302014 (base 5) to base 3
-220110221212022
26b75 (base 13) to base 3
10200010021
What is -194057 (base 14) in base 16?
-da69d
What is -103145441 (base 6) in base 13?
-4c28b0
Convert -3937b3 (base 14) to base 7.
-22510313
What is 103020 (base 7) in base 12?
a3b6
What is -3230301110 (base 4) in base 13?
-27c56c
What is -21046302 (base 7) in base 4?
-12301232202
What is -1772b5 (base 12) in base 14?
-a8201
6550456 (base 8) to base 3
10022021211002
What is -116530560 (base 7) in base 12?
-2582203
Convert 844262 (base 9) to base 6.
14431002
What is 509621 (base 12) in base 15?
19d7a1
Convert 23038368 (base 9) to base 6.
1035431225
What is 10011110101110010000 (base 2) in base 8?
2365620
What is -10111111111011010101 (base 2) in base 8?
-2777325
What is 1100112121 (base 4) in base 15?
677ad
Convert -1455044 (base 7) to base 15.
-3dcbe
What is -243561 (base 8) in base 5?
-10140300
92598 (base 12) to base 2
101110100111000100
What is -2538580 (base 11) in base 4?
-100303012321
What is -324438 (base 9) in base 12?
-94008
2647652 (base 8) to base 5
142210130
Convert 661860 (base 10) to base 2.
10100001100101100100
Convert -15603004 (base 8) to base 13.
-993452
512343 (base 7) to base 11
5a654
-4aaa35 (base 13) to base 16
-1b61b6
What is -2032166 (base 7) in base 8?
-733124
What is -4b2715 (base 16) in base 12?
-1796299
2122757 (base 8) to base 3
1001210110101
Convert 214213 (base 8) to base 6.
1312255
118c4b (base 15) to base 11
523a29
1123670 (base 8) to base 15
605da
433014 (base 5) to base 15
458e
Convert -47e46 (base 15) to base 14.
-5d817
Convert -6001737 (base 8) to base 11.
-985508
-13031221333 (base 4) to base 15
-27542d
What is 4134142314 (base 5) in base 12?
2a2251b
What is -449545 (base 16) in base 4?
-101021111011
Convert -1202404 (base 6) to base 11.
-431a0
What is 1001101100111111000110 (base 2) in base 3?
11210020002212
Convert -51959 (base 10) to base 14.
-14d15
What is 459b965 (base 12) in base 10?
13395101
What is -183080 (base 11) in base 15?
-58975
What is 4d362 (base 15) in base 5?
30402032
686ca4 (base 14) to base 2
1101100011011111010000
Convert 302232333 (base 5) to base 9.
2245884
Convert 232272 (base 8) to base 11.
5441a
Convert -100000110100101110011001 (base 2) to base 5.
-4200321234
What is -b39bc (base 14) in base 5?
-102321423
Convert -223002124 (base 5) to base 4.
-3300121120
What is 135325 (base 6) in base 11?
973a
Convert 1655013 (base 9) to base 10.
922197
Convert 1431 (base 9) to base 5.
13311
-1100000100111 (base 3) to base 11
-444624
What is -124230352 (base 6) in base 5?
-1111230232
Convert 2264359 (base 10) to base 3.
11021001010011
-110546 (base 7) to base 4
-10300133
What is 106692 (base 12) in base 3?
111012220002
Convert -10000111001101010010 (base 2) to base 4.
-2013031102
What is 174319 (base 12) in base 16?
61fc5
What is 1012321 (base 8) in base 11?
172a58
Convert 4422325 (base 7) to base 11.
341361
100110010011111011110 (base 2) to base 10
1255390
What is 261788 (base 9) in base 16?
26c78
-26a470 (base 11) to base 6
-13030043
What is 1041132444 (base 5) in base 10?
2286624
What is 97310 (base 11) in base 10?
141460
What is -19367c (base 13) in base 15?
-c86d5
What is 1110034301 (base 5) in base 7?
26415002
What is 10102002 (base 5) in base 10?
81502
70294 (base 11) to base 2
11001000110110000
Convert 31ad6 (base 15) to base 2.
100110100000000101
-11022310123 (base 4) to base 2
-101001010110100011011
-6918 (base 16) to